the prime factors of x?
3, 7, 19
Suppose -28*m + 1037 + 251 = 0. Suppose -m*p = -36*p - 40. List the prime factors of p.
2
Suppose 44*k - 114 - 18 = 0. Suppose -4*t + k*c = -2053, 0*t + 4*t - 2055 = c. List the prime factors of t.
2, 257
Let v(y) = 19 + 9*y - 6*y - 6*y**2 + y + 10*y. Let t(b) = -7*b**2 + 15*b + 19. Let z(n) = 5*t(n) - 6*v(n). What are the prime factors of z(14)?
3, 17
Suppose -32723 - 34007 - 29246 = -6*b. What are the prime factors of b?
2, 3, 31, 43
Suppose 0 = 3*p - 4*q - 18, -11*p + 16*p = q + 13. Suppose -3*w + r = -1864, p*w + r = -7 + 1253. What are the prime factors of w?
2, 311
Let i be 9/(-3 - -12)*0. Suppose 3*m - 2*b - 1179 = i, 2*m - m = 5*b + 406. List the prime factors of m.
17, 23
Let w(f) = 16*f - 7. Let l be w(5). Suppose -3*j - 87 = 5*g - 2*g, 2*j + l = -5*g. What are the prime factors of (-61)/(-2) - j/(-16)?
29
Let o = -27 + 32. Let x be 20/o + -4 + 15. What are the prime factors of (-69)/(-3*5/x)?
3, 23
Let u be 1432/(-5) + (-3)/5. Let x = 3069 + u. Suppose 0 = 18*s - 5*s - x. What are the prime factors of s?
2, 107
Let o = 16080 - 8660. List the prime factors of o.
2, 5, 7, 53
Suppose 0 = 399*q - 401*q. Suppose -5*r - 2*h + 1027 = q, h + 614 = 3*r - 0*h. List the prime factors of r.
5, 41
Let a be (36/54)/(1/(-15)). List the prime factors of (8 + -20 - a)*895/(-2).
5, 179
Let k = 129 + -129. Suppose -4*w + 183 + 321 = k. What are the prime factors of w?
2, 3, 7
Suppose -2*o = h + 3*o - 1, -31 = 2*h - o. What are the prime factors of 1625 + -2 + (-9)/(5 + h)?
2, 7, 29
Let y be (10/3)/((-6)/153). Let z = -2359 - -2451. Let q = y + z. List the prime factors of q.
7
Suppose -y = 5*k + 13, -10 = -k + 3*k. Suppose y*p - 7*p = 10. Suppose -2*i + p*s = -18, 4*i + 0*s - 3*s - 38 = 0. List the prime factors of i.
11
Let z(c) = 2*c**2 + 36*c - 1375. What are the prime factors of z(-72)?
37, 173
List the prime factors of (-4)/30 - ((-127)/(-3))/((-1260)/426132).
103, 139
Suppose -2*a - 2*y = -726, y - 113 = 3*a - 1190. Suppose 0 = -2*l + 5*l + a. Let g = -59 - l. What are the prime factors of g?
61
Let g = -88 - -49. Let f = g + 44. What are the prime factors of f - 2 - (-5)/((-10)/(-224))?
5, 23
Suppose 0 = 5*y - 2*c + 1, -y + 5*c - 23 = -9. Let x be (204/14)/(y/7). Suppose -v + 5 = -x. List the prime factors of v.
107
Suppose 38*q - 30*q + 696 = 0. Suppose 3*v + v = -8. Let r = v - q. What are the prime factors of r?
5, 17
Let r(o) = -o**3 - 10*o**2 - 4. Let h(t) = 3*t**3 + 21*t**2 + 8. Let w(c) = -2*h(c) - 5*r(c). Let s = 420 - 413. List the prime factors of w(s).
53
Let n(q) = 2*q**2 - 10*q - 13. Let t(v) = -3*v**2 + 8*v + 12. Let k = -37 + 33. Let w(x) = k*n(x) - 5*t(x). List the prime factors of w(4).
2, 13
Suppose -20 = 22*o - 17*o, 3*o = -2*x + 4. List the prime factors of (x/(-18))/((-48)/79272).
2, 367
Let r = -37 + 41. Suppose v - r*v = -k - 9, k = -v - 9. List the prime factors of 2/k + (686/9 - 3).
73
Suppose 54 = 3*s - 0*s. Let n be (27/(-6))/((s/(-16))/(-3)). Let g(r) = r**3 + 12*r**2 - 12*r + 14. What are the prime factors of g(n)?
2, 79
Let t(d) = 1447*d - 434. What are the prime factors of t(3)?
3907
Suppose 0*y + 6*y - 18 = 0. Suppose 3*o - h - 1736 = 0, y*o - 4*h - 676 = 1048. What are the prime factors of o?
2, 5, 29
Let y = -3751 + 3754. Suppose 0 = -0*o + o. Suppose l - 7*g + 4*g - 268 = o, -y*g + 500 = 2*l. What are the prime factors of l?
2
Let b = -31 + -62. Suppose -6*u - 54 = -4*u. Let h = u - b. List the prime factors of h.
2, 3, 11
Suppose v + 6217 = 3*w - 13765, 6662 = w - v. List the prime factors of w.
2, 3, 5, 37
List the prime factors of 9*(-327790)/(-360) - (-27)/(-36).
2, 17, 241
Suppose 7*w - 28886 = 49640. List the prime factors of w.
2, 71, 79
Let p = -960 + 506. Let t = p - -886. List the prime factors of t.
2, 3
Let b = 46 + -44. Suppose 3*k = b*a - 99, -2*a + 100 = -0*a - 4*k. Suppose -6*o = a - 228. What are the prime factors of o?
2, 3, 5
Let d = -103 + -35. Let x = d + 134. What are the prime factors of (0 + 4/x)*-103 + 1?
2, 13
What are the prime factors of 4103 - 3*4*(-4)/6?
4111
Suppose 4*c - 2*o - 64 = -4, -2*o + 75 = 5*c. Let a be 3/1 + 6/3. Suppose c = 3*t, 0 = a*l + 5*t - 2*t - 290. What are the prime factors of l?
5, 11
Suppose -8*l - 4*g = -7*l - 16061, 0 = -5*l + 5*g + 80430. What are the prime factors of l?
13, 1237
Let z(x) = -x**2 - 7*x + 8. Let y be z(0). Suppose 4*m - 352 = -3*u, -5*u + y = -3*u. List the prime factors of m.
5, 17
Suppose -3*j - 93 = 3*v + 315, -4*v - 520 = -4*j. Let k = v - -185. List the prime factors of k.
2, 13
Let u(i) = 121*i + 190. Let w be u(-9). Let n = w - -1530. What are the prime factors of n?
631
Suppose -3*r = r - o - 1101, -4*r = 4*o - 1076. Let d(t) = 3*t**3 - 7*t**2 + 3*t - 4. Let i be d(6). Let f = i - r. List the prime factors of f.
2, 17
Suppose 145*u - 20640 = 140*u. What are the prime factors of u?
2, 3, 43
Suppose 0 = -7*g - 5318 - 3257. Let s = -570 - g. List the prime factors of s.
5, 131
Let f(r) = -3*r - 21. Let n be f(-8). Suppose 5*v = 4*s - 4, -n*v + 6*v = 2*s - 2. List the prime factors of 8/20 - ((-692)/20 + v).
5, 7
Let j(w) = w**2 - 4*w + 29. Let f be j(0). Suppose -2*q + f - 1 = 0. Let n(z) = -z**3 + 16*z**2 - 19*z - 13. List the prime factors of n(q).
113
Suppose 3*u + 3*d - 9264 = 0, 4*u + d - 7237 = 5139. List the prime factors of u.
2, 3, 43
Let f be (14/63 + (-7583)/(-18))*-4. Let z = f - -2995. What are the prime factors of z?
7, 11, 17
Suppose 44156 = 43*i - 40*i + 5*n, 3*i - 44150 = n. What are the prime factors of i?
14717
Let y = 20369 + -15634. What are the prime factors of y?
5, 947
Suppose 49*y + 633 + 151 = 0. Let f = 7 - 1. List the prime factors of 326/16 + f/y.
2, 5
Let n = 52086 - -5682. List the prime factors of n.
2, 3, 29, 83
Let i be 29/116 - 595/(-4). Let g = 756 - i. What are the prime factors of g?
607
Suppose 33*v = 31*v + k + 95, -v + k = -48. Suppose -c - 10 - 21 = 0. Let l = v + c. List the prime factors of l.
2
Suppose 30 = 10*s - 0. Suppose -2*q + 1 = n - s, 4*q = 16. List the prime factors of (8/(-6) - n)/((-2)/(-57)).
2, 19
Let r be 144/(-90) - (-2)/(-5). Let g be -2 - 12/(-3) - r. Suppose -g*w - 138 = -7*w. List the prime factors of w.
2, 23
Suppose -4*u = -36 + 1016. List the prime factors of 3 - 3 - 2/2*u.
5, 7
Let f(z) = -z - 1. Let k(y) = y**3 - 30*y**2 - 33*y + 61. Let h be k(31). Let w(o) = -3*o - 38. Let i(c) = h*w(c) + 4*f(c). List the prime factors of i(-16).
2, 5
Let n(f) = 7 + 6*f**2 + 5*f**2 + 7*f**2 - 12*f**2 - 10*f. Let k be n(-5). Suppose -3*c + k + 312 = 5*p, 865 = 5*c - 5*p. What are the prime factors of c?
173
Suppose 0 = 151*j - 144*j - 35707. What are the prime factors of j?
5101
Suppose -3*w - 354 = -339, 62848 = 4*t + 4*w. List the prime factors of t.
3, 13, 31
Suppose 8 - 4 = 2*n, 13 = x + 4*n. Suppose -16*l = -4*g - 19*l + 496, -5*g - x*l = -615. What are the prime factors of g?
127
Suppose 175986 + 150714 = -34*o + 52*o. List the prime factors of o.
2, 3, 5, 11
Suppose 5*u - 5 = d, -4*d + 81 = -3*u + 33. Let m(w) = 11*w**2 - w**3 + 17 + 3*w**2 + 0*w**3 + 20*w. What are the prime factors of m(d)?
2, 23
Suppose 0 = -80*m - 99*m + 2208091 + 576075. List the prime factors of m.
2, 7, 11, 101
Suppose m + 19 = 5*m + v, 3 = m + 2*v. Suppose m*k - 20 = -5. Suppose 0 = g - k, -d - 4*g + 177 = 2*d. List the prime factors of d.
5, 11
What are the prime factors of 10/(120/9354)*(-186)/(-3)?
31, 1559
Let s = 7391 - 4859. Suppose -35*c = -41*c + s. List the prime factors of c.
2, 211
List the prime factors of 5047730/342 - (-24)/(-54).
14759
Let s = 399 - 387. What are the prime factors of 46 - (s + -7 + -2)?
43
Let k(g) = -12*g + 71. What are the prime factors of k(-40)?
19, 29
Let b = 137376 - 83383. What are the prime factors of b?
53993
Let c(k) = -101*k + 340*k + 529*k - 6 - 8. What are the prime factors of c(2)?
2, 761
List the prime factors of (187950/(-168))/(2/(-8)).
5, 179
Let n = -38 + 41. Suppose n*r = -5*l + 11 + 334, -3*r - 2*l + 336 = 0. Let g = r - 84. What are the prime factors of g?
2, 13
Let v be 2 - (-8649)/(0 - -3). Let u = -1869 + v. What are the prime factors of u?
2, 127
Suppose t - 5*p - 50 = 0, 3*p + p - 72 = -2*t. Suppose 20163 = t*l - 27*l. List the prime factors of l.
3, 11, 47
Suppose -134497 - 79690 = -174*c + 155*c. What are